me factors of 3131052789.
3, 1043684263
List the prime factors of 82964158.
2, 41482079
List the prime factors of 699814408.
2, 87476801
What are the prime factors of 1111412415?
3, 5, 67, 1105883
List the prime factors of 1319480836.
2, 23, 14342183
List the prime factors of 6137005.
5, 7, 37, 677
What are the prime factors of 50493452?
2, 167, 269, 281
What are the prime factors of 46018134?
2, 3, 103, 24821
What are the prime factors of 11503863?
3, 7, 6763
What are the prime factors of 9499732?
2, 11, 43, 5021
What are the prime factors of 601265019?
3, 53, 101, 37441
What are the prime factors of 4710533178?
2, 3, 13, 60391451
What are the prime factors of 180702693?
3, 2297, 8741
What are the prime factors of 53839135?
5, 7, 1538261
List the prime factors of 2019378828.
2, 3, 168281569
List the prime factors of 179870863.
17, 149, 71011
List the prime factors of 13955764.
2, 389, 8969
List the prime factors of 2075781739.
67, 2851, 10867
What are the prime factors of 1197937660?
2, 5, 127, 251, 1879
List the prime factors of 19814737.
59, 335843
What are the prime factors of 38432794?
2, 19216397
List the prime factors of 91936926.
2, 3, 5107607
What are the prime factors of 142690027?
17, 647, 12973
List the prime factors of 1583514250.
2, 5, 61, 103837
What are the prime factors of 1702795054?
2, 47, 18114841
What are the prime factors of 618037245?
3, 5, 7, 127, 2207
List the prime factors of 673403206.
2, 7, 19, 1471, 1721
What are the prime factors of 280836689?
7, 5731361
List the prime factors of 373871858.
2, 53, 263, 13411
List the prime factors of 173829685.
5, 181, 241, 797
List the prime factors of 4388789776.
2, 7, 39185623
What are the prime factors of 319593758?
2, 11, 773, 18793
List the prime factors of 289337653.
11, 53, 496291
List the prime factors of 757381829.
47, 281, 57347
What are the prime factors of 316699592?
2, 11, 53, 6173
What are the prime factors of 94193470?
2, 5, 7, 1345621
What are the prime factors of 87438639?
3, 29146213
List the prime factors of 34094929.
11, 3099539
What are the prime factors of 234161774?
2, 7, 11, 17, 89443
What are the prime factors of 2418308428?
2, 604577107
List the prime factors of 221235514.
2, 173, 193, 3313
What are the prime factors of 8518476220?
2, 5, 14561, 29251
What are the prime factors of 74039606?
2, 37019803
What are the prime factors of 83294924?
2, 167, 124693
What are the prime factors of 14157847?
11, 967
What are the prime factors of 427290654?
2, 3, 7, 10173587
List the prime factors of 2916539065.
5, 11, 71, 746873
List the prime factors of 328436898.
2, 3, 4297, 12739
What are the prime factors of 23017135?
5, 23, 71, 2819
List the prime factors of 326752583.
326752583
List the prime factors of 63509608.
2, 83, 101, 947
List the prime factors of 212500471.
131, 1622141
List the prime factors of 22703044.
2, 7, 13, 97, 643
List the prime factors of 132471491.
379, 349529
What are the prime factors of 143116891?
67, 109, 19597
What are the prime factors of 405030110?
2, 5, 167, 242533
List the prime factors of 471939106.
2, 3323, 71011
List the prime factors of 251162114.
2, 7, 17, 1055303
What are the prime factors of 6850767688?
2, 67, 2741, 4663
List the prime factors of 647321124.
2, 3, 1571, 34337
List the prime factors of 1030892239.
13, 71, 1116893
What are the prime factors of 236852085?
3, 5, 709, 22271
What are the prime factors of 5359485524?
2, 1709, 784009
List the prime factors of 253660312.
2, 521, 60859
What are the prime factors of 28302267?
3, 7, 19, 89, 797
What are the prime factors of 33903074?
2, 47, 101, 3571
List the prime factors of 76037190.
2, 3, 5, 409, 6197
What are the prime factors of 52417802?
2, 107, 244943
List the prime factors of 106444286.
2, 13, 4094011
What are the prime factors of 77021864?
2, 37, 260209
List the prime factors of 7275899889.
3, 199, 1667, 2437
List the prime factors of 1640893225.
5, 29, 97, 23333
List the prime factors of 6767999.
7, 313, 3089
What are the prime factors of 365081975?
5, 14603279
What are the prime factors of 63935727?
3, 79, 101, 2671
What are the prime factors of 598037514?
2, 3, 3719, 26801
List the prime factors of 44465560.
2, 5, 1111639
List the prime factors of 70560100.
2, 5, 13, 54277
List the prime factors of 354830470.
2, 5, 35483047
What are the prime factors of 884435843?
884435843
What are the prime factors of 2248047130?
2, 5, 7, 19, 47, 35963
What are the prime factors of 1312592342?
2, 137, 4790483
List the prime factors of 458630396.
2, 7, 23, 101737
List the prime factors of 92748045.
3, 5, 13, 36587
List the prime factors of 723513836.
2, 31, 37, 5087
List the prime factors of 2359845441.
3, 2729, 32027
List the prime factors of 13903946.
2, 7, 337, 421
What are the prime factors of 1219286468?
2, 19, 1487, 10789
List the prime factors of 344132235.
3, 5, 97, 78839
List the prime factors of 1108835134.
2, 11, 449, 112253
What are the prime factors of 3638044?
2, 19, 47869
List the prime factors of 1911831954.
2, 3, 318638659
What are the prime factors of 154159147?
2243, 68729
What are the prime factors of 39836030?
2, 5, 13, 306431
What are the prime factors of 20294611?
37, 548503
What are the prime factors of 399390279?
3, 19, 109, 64283
What are the prime factors of 6464017?
7, 79, 11689
What are the prime factors of 578421724?
2, 43, 3362917
What are the prime factors of 5500675934?
2, 13, 293, 722063
What are the prime factors of 653444540?
2, 5, 7, 263, 17747
List the prime factors of 18169044.
2, 3, 113, 13399
What are the prime factors of 225450511?
11, 13, 67, 23531
List the prime factors of 1966600669.
11, 53, 3373243
List the prime factors of 74548873.
7, 127, 83857
What are the prime factors of 2167300?
2, 5, 21673
What are the prime factors of 310808872?
2, 11, 983, 3593
List the prime factors of 129069541.
129069541
What are the prime factors of 120493437?
3, 40164479
What are the prime factors of 661650389?
13633, 48533
What are the prime factors of 101626282?
2, 23, 2209267
What are the prime factors of 151794408?
2, 3, 283, 22349
List the prime factors of 53159.
17, 53, 59
List the prime factors of 3744257399.
3744257399
List the prime factors of 855890790.
2, 3, 5, 5209, 5477
List the prime factors of 729485792.
2, 7, 241, 13513
List the prime factors of 187275458.
2, 93637729
List the prime factors of 2446520674.
2, 13, 19, 173, 28627
List the prime factors of 113467355.
5, 22693471
What are the prime factors of 4037822718?
2, 3, 14303, 47051
What are the prime factors of 273654507?
3, 7, 193, 251, 269
What are the prime factors of 189680104?
2, 41, 349, 1657
What are the prime factors of 1535111795?
5, 7, 43860337
What are the prime factors of 105777863?
617, 171439
List the prime factors of 775958237.
193, 1069, 3761
List the prime factors of 5013299852.
2, 11, 113938633
What are the prime factors of 250037820?
2, 3, 5, 463033
List the prime factors of 6752397563.
509, 13266007
What are the prime factors of 875764522?
2, 437882261
What are the prime factors of 153592467?
3, 7, 17, 103, 4177
List the prime factors of 1796630585.
5, 263, 293, 4663
List the prime factors of 61458313.
7, 587, 14957
What are the prime factors of 135952958?
2, 7907, 8597
List the prime factors of 292776225.
3, 5, 7, 19, 599
What are the prime factors of 180359654?
2, 8011, 11257
What are the prime factors of 116711809?
116711809
What are the prime factors of 81926310?
2, 3, 5, 199, 13723
What are the prime factors of 624504707?
17, 73, 503227
What are the prime factors of 399624681?
3, 133208227
List the prime factors of 16989316.
2, 359, 11831
What are the prime factors of 129647314?
2, 839, 77263
List the prime factors of 410460622.
2, 11, 13, 23, 2713
What are the prime factors of 244118570?
2, 5, 73, 173, 1933
What are the prime factors of 537093240?
2, 3, 5, 17, 23, 11447
What are the prime factors of 8410984?
2, 1051373
What are the prime factors of 3215865472?
2, 191, 199, 661
What are the prime factors of 854791317?
3, 94976813
What are the prime factors of 4164765831?
3, 462751759
List the prime factors of 487189032.
2, 3, 11, 19, 97127
List the prime factors of 69341061.
3, 23113687
List the prime factors of 183885482.
2, 11, 1543, 5417
What are the